16) to base 13.
351ab3
What is 42020121 (base 5) in base 2?
1010100001111001100
5b0252 (base 12) to base 2
101100111100001011110
20012122102 (base 3) to base 2
11101110101100101
354654 (base 9) to base 16
3419b
What is -21002222202 (base 3) in base 11?
-96178
Convert -1dff8 (base 16) to base 12.
-5b134
What is 10001110110111111001 (base 2) in base 16?
8edf9
Convert 111100010000001011000 (base 2) to base 10.
1974360
Convert -3f7817 (base 16) to base 12.
-148715b
What is 151420035 (base 6) in base 5?
1302102141
201011211101 (base 3) to base 10
377497
What is 7426336 (base 8) in base 5?
1001240231
-20002022000220 (base 3) to base 9
-6068026
-a8689 (base 11) to base 9
-260513
Convert -2100212211122 (base 3) to base 5.
-310214112
23c07e (base 15) to base 7
20355023
1014404341 (base 5) to base 9
3861040
What is -1000111011010110000 (base 2) in base 8?
-1073260
What is b62717 (base 12) in base 4?
22323232003
-145226 (base 10) to base 8
-433512
-2020520 (base 7) to base 5
-30142414
-322424 (base 8) to base 11
-73a97
-123111153 (base 6) to base 9
-4440746
-131042345 (base 7) to base 9
-16656562
352a36 (base 13) to base 10
1262813
What is 1171532 (base 8) in base 16?
4f35a
Convert 92c15 (base 13) to base 16.
40541
Convert 473693 (base 10) to base 2.
1110011101001011101
7cba7 (base 14) to base 5
34213033
-11122121112 (base 4) to base 5
-330400323
3120001 (base 5) to base 8
144063
What is -112910 (base 11) in base 13?
-638b2
What is -1010101000011011010 (base 2) in base 5?
-42122003
-86a89 (base 16) to base 13
-16408a
Convert -12541020 (base 6) to base 12.
-181770
Convert -43301225 (base 8) to base 16.
-8d8295
28efbc (base 16) to base 10
2682812
What is 2662106 (base 8) in base 3?
1101221002121
Convert 630c4a (base 15) to base 6.
244545411
Convert -40626 (base 11) to base 15.
-12898
Convert -628037 (base 11) to base 13.
-29303b
What is -1215667 (base 8) in base 15?
-692d5
What is -7764115 (base 8) in base 10?
-2091085
Convert -70a089 (base 11) to base 14.
-219a32
-3645684 (base 12) to base 10
-10543492
100041 (base 11) to base 4
213111020
What is 3312001122 (base 5) in base 8?
33172663
111471 (base 12) to base 2
1000010011001010101
What is 5d66d (base 15) in base 8?
1106725
Convert -74239 (base 15) to base 10.
-368379
Convert -26161b1 (base 12) to base 3.
-112002212001021
What is -166444 (base 8) in base 3?
-10002021110
Convert -1100111001111111 (base 2) to base 9.
-80456
What is 9379a4 (base 12) in base 11?
13414a9
-10012222201210 (base 3) to base 6
-100410550
Convert 14400343300 (base 5) to base 16.
1244036
-31530705 (base 8) to base 15
-8ce1db
-213002032 (base 4) to base 5
-20104021
Convert 100022100102220 (base 3) to base 7.
60023442
Convert 2133211011 (base 4) to base 15.
cda0c
1011100011111101000 (base 2) to base 3
201020200201
Convert 63024 (base 8) to base 2.
110011000010100
-2b77a (base 14) to base 7
-631213
Convert cb7da (base 14) to base 16.
784c4
777436 (base 10) to base 4
2331303130
Convert 471376 (base 9) to base 16.
4521c
Convert -111010001010110111 (base 2) to base 5.
-30111023
Convert 2032120213 (base 4) to base 15.
b7c07
What is -6580 (base 14) in base 5?
-1030211
Convert -3052304 (base 6) to base 13.
-51ba1
What is -1342658 (base 10) in base 3?
-2112012210002
843a75 (base 11) to base 12
552681
What is 12bc34 (base 15) in base 14?
196255
-11001100110101110 (base 2) to base 8
-314656
Convert -505a (base 16) to base 4.
-11001122
What is 4053542 (base 6) in base 16?
2f5a6
What is 31102 (base 14) in base 6?
2311102
What is -db38a (base 15) in base 12?
-296987
Convert 86133 (base 10) to base 15.
1a7c3
Convert 210110130 (base 4) to base 7.
1156500
What is 1021211022121 (base 3) in base 14?
13bb5a
What is 11011011011010110001 (base 2) in base 3?
1200122211120
Convert -163549 (base 11) to base 5.
-31103143
Convert -1fce0 (base 16) to base 13.
-473ac
-606251 (base 9) to base 8
-1274734
-3712c (base 13) to base 9
-163821
What is -5192630 (base 10) in base 9?
-10683848
What is 230005 (base 8) in base 13?
2956b
Convert 227116 (base 11) to base 9.
608872
What is 3143100 (base 7) in base 16?
5ce14
What is -110101100010001 (base 2) in base 3?
-1101121011
-10220113012 (base 4) to base 3
-2021200011001
What is cd113 (base 15) in base 7?
5352522
-30223002 (base 4) to base 9
-78173
Convert 1073312 (base 9) to base 5.
122023214
243356 (base 10) to base 9
410735
What is -12021010001121 (base 3) in base 14?
-52b572
62163 (base 15) to base 6
10354550
Convert -2b93dd (base 14) to base 8.
-5637767
What is -2b2bb (base 14) in base 13?
-39c6b
-10011001101000010000 (base 2) to base 15
-c66ae
What is 19a9cb (base 13) in base 16?
9f2e0
What is 6529354 (base 10) in base 8?
30720512
What is 141d51 (base 14) in base 12?
29732b
What is 1083227 (base 10) in base 3?
2001000220112
What is -2cca29 (base 13) in base 12?
-4583bb
What is 124134332 (base 5) in base 9?
1136516
-1050101 (base 8) to base 14
-75041
What is -6198a5 (base 11) in base 15?
-1497c4
Convert 55423 (base 6) to base 9.
11526
-1322430140 (base 5) to base 16
-32c3c8
Convert -26355554 (base 7) to base 12.
-986b65
What is -1185200 (base 10) in base 7?
-13034252
Convert -125543401 (base 6) to base 12.
-a14b61
What is 1000001001010011 (base 2) in base 3?
1200202200
What is 302452245 (base 6) in base 5?
2310422102
What is -5451643 (base 7) in base 3?
-1020221112011
What is 543412 (base 6) in base 2?
1010111101000000
What is -113202233 (base 4) in base 9?
-156245
Convert -11000100111011101 (base 2) to base 11.
-69833
-a634a (base 11) to base 8
-456275
530354 (base 7) to base 8
262440
Convert 479d (base 15) to base 5.
441343
Convert 122234114 (base 5) to base 15.
b8cde
What is 5cbd5 (base 14) in base 9?
375772
What is -1001230222 (base 4) in base 14?
-700d4
-11000110100011011011 (base 2) to base 15
-110e85
Convert -12332555 (base 6) to base 13.
-110759
Convert -12223415 (base 7) to base 10.
-1098494
-140396 (base 13) to base 9
-820805
Convert 30311323111 (base 4) to base 12.
1164331
-21576 (base 12) to base 6
-535430
Convert -363b9 (base 12) to base 16.
-11dbd
-10387746 (base 9) to base 14
-948b92
2a9b11 (base 12) to base 14
14b27b
-501c8 (base 14) to base 8
-567704
Convert -1002313032 (base 5) to base 14.
-39cd55
Convert 5356653 (base 8) to base 15.
1d48d8
Convert -115907 (base 11) to base 8.
-546223
-689853 (base 12) to base 15
-23174c
Convert 17a9441 (base 11) to base 9.
5670505
4032411440 (base 5) to base 3
120020002110000
What is 419069 (base 11) in base 15?
d3bb9
-126b7 (base 15) to base 4
-32120101
-269ca6 (base 14) to base 7
-14222166
What is -a0c71 (base 15) in base 8?
-1742200
531505 (base 6) to base 16
a8a1
33441311 (base 5) to base 12
123688
What is -200266 (base 11) in base 6?
-10524400
1110220212102 (base 3) to base 6
24501445
-1070714 (base 9) to base 6
-20215404
-303346 (base 11) to base 8
-1670207
Convert 11011110100011110010 (base 2) to base 14.
19a306
Convert -1014334312 (base 5) to base 11.
-1208a56
Convert -1101110110111011 (base 2) to base 13.
-1cab5
What is -1576557 (base 8) in base 7?
-3615361
What is 100332304 (base 5) in base 9?
672643
Convert 2265541 (base 7) to base 16.
45a7b
Convert -788859 (base 11) to base 15.
-19c2e5
-111130231130 (base 4) to base 6
-320302352
Convert 3104652 (base 10) to base 13.
849195
What is -343023 (base 8) in base 9?
-186408
Convert 133432423 (base 5) to base 6.
22414433
What is 75050 (base 13) in base 4?
303200201
Convert -253762 (base 8) to base 10.
-88050
What is 37446127 (base 8) in base 12?
2931b87
10312231332 (base 4) to base 5
311211302
-144cd (base 16) to base 2
-10100010011001101
What is a2a22 (base 13) in base 7?
2323334
Convert -712da (base 14) to base 5.
-32202430
What is 3535362 (base 9) in base 8?
7230553
What is -404542313 (base 6) in base 5?
-3234342301
Convert 171401 (base 11) to base 12.
10968a
Convert -4043203 (base 5) to base 8.
-177624
What is 2022310300 (base 4) in base 13?
16ba84
-16420b (base 14) to base 12
-31726b
What is -28674 (base 11) in base 6?
-512333
Convert 10111000101001100 (base 2) to base 15.
1d02a
Convert 2200000201120 (base 3) to base 15.
1d00d9
What is 3202133020 (base 4) in base 9?
1663484
What is a4242 (base 15) in base 3?
222102122222
-21343054 (base 6) to base 14
-12796a
What is 1143602 (base 9) in base 10?
619409
W